{"id":11,"date":"2018-09-29T15:45:05","date_gmt":"2018-09-29T15:45:05","guid":{"rendered":"http:\/\/fabi-dom.de\/?page_id=11"},"modified":"2022-12-01T15:41:07","modified_gmt":"2022-12-01T15:41:07","slug":"about","status":"publish","type":"page","link":"https:\/\/fabi-dom.de\/","title":{"rendered":""},"content":{"rendered":"<\/p>\n<h2><strong>Hi<\/strong><\/h2>\n<p>Ich bin freier Journalist und Autor. Texte von mir erschienen u. a. im Weser-Kurier, in der Frankfurter Rundschau und der S\u00fcddeutschen Zeitung. Ich schreibe \u00fcber Medien, (Pop-)Kultur, LGBTQIA-Themen, K\u00f6rper und gesellschaftliche Entwicklungen. Gerne schreibe ich Reportagen und Portr\u00e4ts und f\u00fchre lange Interviews. Erfahrungen habe ich auch in den Bereichen Formatentwicklung, Podcasts und Moderation (auf der B\u00fchne und vor der Kamera). Ich moderiere gerne Veranstaltungen, Talk-Runden, Podiumsdiskussionen, Lesungen oder sonstige Veranstaltungen. <a href=\"https:\/\/fabi-dom.de\/?page_id=307\">Hier<\/a> gibt es weitere Infos zu meinem Lebenslauf.<\/p>\n<p>\u00a0<\/p><\/p>\n","protected":false},"excerpt":{"rendered":"<p>Hi Ich bin freier Journalist und Autor. Texte von mir erschienen u. a. im Weser-Kurier, in der Frankfurter Rundschau und der S\u00fcddeutschen Zeitung. Ich schreibe \u00fcber Medien, (Pop-)Kultur, LGBTQIA-Themen, K\u00f6rper und gesellschaftliche Entwicklungen. Gerne schreibe ich Reportagen und Portr\u00e4ts und f\u00fchre lange Interviews. Erfahrungen habe ich auch in den Bereichen Formatentwicklung, Podcasts und Moderation (auf [&hellip;]<\/p>\n","protected":false},"author":1,"featured_media":298,"parent":0,"menu_order":0,"comment_status":"closed","ping_status":"closed","template":"","meta":[],"_links":{"self":[{"href":"https:\/\/fabi-dom.de\/index.php?rest_route=\/wp\/v2\/pages\/11"}],"collection":[{"href":"https:\/\/fabi-dom.de\/index.php?rest_route=\/wp\/v2\/pages"}],"about":[{"href":"https:\/\/fabi-dom.de\/index.php?rest_route=\/wp\/v2\/types\/page"}],"author":[{"embeddable":true,"href":"https:\/\/fabi-dom.de\/index.php?rest_route=\/wp\/v2\/users\/1"}],"replies":[{"embeddable":true,"href":"https:\/\/fabi-dom.de\/index.php?rest_route=%2Fwp%2Fv2%2Fcomments&post=11"}],"version-history":[{"count":32,"href":"https:\/\/fabi-dom.de\/index.php?rest_route=\/wp\/v2\/pages\/11\/revisions"}],"predecessor-version":[{"id":344,"href":"https:\/\/fabi-dom.de\/index.php?rest_route=\/wp\/v2\/pages\/11\/revisions\/344"}],"wp:featuredmedia":[{"embeddable":true,"href":"https:\/\/fabi-dom.de\/index.php?rest_route=\/wp\/v2\/media\/298"}],"wp:attachment":[{"href":"https:\/\/fabi-dom.de\/index.php?rest_route=%2Fwp%2Fv2%2Fmedia&parent=11"}],"curies":[{"name":"wp","href":"https:\/\/api.w.org\/{rel}","templated":true}]}}